{"id":555,"date":"2025-01-15T09:02:56","date_gmt":"2025-01-15T09:02:56","guid":{"rendered":"https:\/\/buy-super.com\/?page_id=555"},"modified":"2025-01-15T09:03:01","modified_gmt":"2025-01-15T09:03:01","slug":"paintzoom-portogallo-thankyou-1068","status":"publish","type":"page","link":"https:\/\/buy-super.com\/index.php\/paintzoom-portogallo-thankyou-1068\/","title":{"rendered":"PaintZoom Portogallo Thankyou &#8211; 1068"},"content":{"rendered":"\t\t<div data-elementor-type=\"wp-page\" data-elementor-id=\"555\" class=\"elementor elementor-555\" data-elementor-post-type=\"page\">\n\t\t\t\t\t\t<section class=\"elementor-section elementor-top-section elementor-element elementor-element-5ea0397 elementor-section-boxed elementor-section-height-default elementor-section-height-default\" data-id=\"5ea0397\" data-element_type=\"section\" data-e-type=\"section\">\n\t\t\t\t\t\t<div class=\"elementor-container elementor-column-gap-default\">\n\t\t\t\t\t<div class=\"elementor-column elementor-col-100 elementor-top-column elementor-element elementor-element-d5be1db\" data-id=\"d5be1db\" data-element_type=\"column\" data-e-type=\"column\">\n\t\t\t<div class=\"elementor-widget-wrap elementor-element-populated\">\n\t\t\t\t\t\t<div class=\"elementor-element elementor-element-9358303 elementor-widget elementor-widget-text-editor\" data-id=\"9358303\" data-element_type=\"widget\" data-e-type=\"widget\" data-widget_type=\"text-editor.default\">\n\t\t\t\t<div class=\"elementor-widget-container\">\n\t\t\t\t\t\t\t\t\t<h5><span style=\"color: #008000;\"><strong>OBRIGADO, A SUA ENCOMENDA FOI ENVIADA COM SUCESSO.<\/strong><\/span><\/h5>\t\t\t\t\t\t\t\t<\/div>\n\t\t\t\t<\/div>\n\t\t\t\t<div class=\"elementor-element elementor-element-5fb3863 elementor-widget elementor-widget-text-editor\" data-id=\"5fb3863\" data-element_type=\"widget\" data-e-type=\"widget\" data-widget_type=\"text-editor.default\">\n\t\t\t\t<div class=\"elementor-widget-container\">\n\t\t\t\t\t\t\t\t\t<p>Obrigado por fazer a sua encomenda, a sua encomenda ser\u00e1 enviada para o endere\u00e7o que indicou, pagar\u00e1 ao transportador o montante de <span style=\"text-decoration: underline;\"><em><strong>59 euros<\/strong><\/em><\/span> diretamente no momento da entrega.<\/p>\t\t\t\t\t\t\t\t<\/div>\n\t\t\t\t<\/div>\n\t\t\t\t\t<\/div>\n\t\t<\/div>\n\t\t\t\t\t<\/div>\n\t\t<\/section>\n\t\t\t\t<\/div>\n\t\t","protected":false},"excerpt":{"rendered":"<p>OBRIGADO, A SUA ENCOMENDA FOI ENVIADA COM SUCESSO. Obrigado por fazer a sua encomenda, a sua encomenda ser\u00e1 enviada para o endere\u00e7o que indicou, pagar\u00e1 ao transportador o montante de 59 euros diretamente no momento da entrega.<\/p>\n","protected":false},"author":3,"featured_media":0,"parent":0,"menu_order":0,"comment_status":"closed","ping_status":"closed","template":"elementor_canvas","meta":{"footnotes":""},"class_list":["post-555","page","type-page","status-publish","hentry"],"_links":{"self":[{"href":"https:\/\/buy-super.com\/index.php\/wp-json\/wp\/v2\/pages\/555","targetHints":{"allow":["GET"]}}],"collection":[{"href":"https:\/\/buy-super.com\/index.php\/wp-json\/wp\/v2\/pages"}],"about":[{"href":"https:\/\/buy-super.com\/index.php\/wp-json\/wp\/v2\/types\/page"}],"author":[{"embeddable":true,"href":"https:\/\/buy-super.com\/index.php\/wp-json\/wp\/v2\/users\/3"}],"replies":[{"embeddable":true,"href":"https:\/\/buy-super.com\/index.php\/wp-json\/wp\/v2\/comments?post=555"}],"version-history":[{"count":4,"href":"https:\/\/buy-super.com\/index.php\/wp-json\/wp\/v2\/pages\/555\/revisions"}],"predecessor-version":[{"id":559,"href":"https:\/\/buy-super.com\/index.php\/wp-json\/wp\/v2\/pages\/555\/revisions\/559"}],"wp:attachment":[{"href":"https:\/\/buy-super.com\/index.php\/wp-json\/wp\/v2\/media?parent=555"}],"curies":[{"name":"wp","href":"https:\/\/api.w.org\/{rel}","templated":true}]}}