{"id":2390,"date":"2026-04-08T18:43:34","date_gmt":"2026-04-08T18:43:34","guid":{"rendered":"https:\/\/buy-super.com\/?page_id=2390"},"modified":"2026-04-08T18:43:34","modified_gmt":"2026-04-08T18:43:34","slug":"powersun-5500-es-tk","status":"publish","type":"page","link":"https:\/\/buy-super.com\/index.php\/powersun-5500-es\/powersun-5500-es-tk\/","title":{"rendered":"PowerSun 5500 &#8211; ES &#8211; TK"},"content":{"rendered":"\t\t<div data-elementor-type=\"wp-page\" data-elementor-id=\"2390\" class=\"elementor elementor-2390\" data-elementor-post-type=\"page\">\n\t\t\t\t\t\t<section class=\"elementor-section elementor-top-section elementor-element elementor-element-61ad862 elementor-section-boxed elementor-section-height-default elementor-section-height-default\" data-id=\"61ad862\" data-element_type=\"section\" data-e-type=\"section\">\n\t\t\t\t\t\t<div class=\"elementor-container elementor-column-gap-default\">\n\t\t\t\t\t<div class=\"elementor-column elementor-col-100 elementor-top-column elementor-element elementor-element-6ec135a8\" data-id=\"6ec135a8\" data-element_type=\"column\" data-e-type=\"column\">\n\t\t\t<div class=\"elementor-widget-wrap elementor-element-populated\">\n\t\t\t\t\t\t<div class=\"elementor-element elementor-element-4b1dd922 elementor-widget elementor-widget-text-editor\" data-id=\"4b1dd922\" data-element_type=\"widget\" data-e-type=\"widget\" data-widget_type=\"text-editor.default\">\n\t\t\t\t<div class=\"elementor-widget-container\">\n\t\t\t\t\t\t\t\t\t<h2><b>\u00a1GRACIAS! TU PEDIDO HA SIDO ENVIADO CORRECTAMENTE.<\/b><\/h2><p>Te llamaremos para confirmar tus datos y ayudarte si necesitas informaci\u00f3n.<\/p><p><u>Por lo tanto, te recomendamos que tengas el tel\u00e9fono a mano.<\/u><\/p><p><b>Nuestras oficinas est\u00e1n abiertas TODOS LOS D\u00cdAS de 8:00 a 20:00<\/b><\/p><p>Si el pedido se ha realizado fuera del horario de oficina, te contactaremos al d\u00eda siguiente.<\/p><p>\u00a1Gracias por elegirnos! \ud83d\ude42<\/p>\t\t\t\t\t\t\t\t<\/div>\n\t\t\t\t<\/div>\n\t\t\t\t\t<\/div>\n\t\t<\/div>\n\t\t\t\t\t<\/div>\n\t\t<\/section>\n\t\t\t\t<\/div>\n\t\t","protected":false},"excerpt":{"rendered":"<p>\u00a1GRACIAS! TU PEDIDO HA SIDO ENVIADO CORRECTAMENTE. Te llamaremos para confirmar tus datos y ayudarte si necesitas informaci\u00f3n. Por lo tanto, te recomendamos que tengas el tel\u00e9fono a mano. Nuestras oficinas est\u00e1n abiertas TODOS LOS D\u00cdAS de 8:00 a 20:00 Si el pedido se ha realizado fuera del horario de oficina, te contactaremos al d\u00eda [&hellip;]<\/p>\n","protected":false},"author":9,"featured_media":0,"parent":2378,"menu_order":0,"comment_status":"closed","ping_status":"closed","template":"elementor_canvas","meta":{"footnotes":""},"class_list":["post-2390","page","type-page","status-publish","hentry"],"_links":{"self":[{"href":"https:\/\/buy-super.com\/index.php\/wp-json\/wp\/v2\/pages\/2390","targetHints":{"allow":["GET"]}}],"collection":[{"href":"https:\/\/buy-super.com\/index.php\/wp-json\/wp\/v2\/pages"}],"about":[{"href":"https:\/\/buy-super.com\/index.php\/wp-json\/wp\/v2\/types\/page"}],"author":[{"embeddable":true,"href":"https:\/\/buy-super.com\/index.php\/wp-json\/wp\/v2\/users\/9"}],"replies":[{"embeddable":true,"href":"https:\/\/buy-super.com\/index.php\/wp-json\/wp\/v2\/comments?post=2390"}],"version-history":[{"count":1,"href":"https:\/\/buy-super.com\/index.php\/wp-json\/wp\/v2\/pages\/2390\/revisions"}],"predecessor-version":[{"id":2391,"href":"https:\/\/buy-super.com\/index.php\/wp-json\/wp\/v2\/pages\/2390\/revisions\/2391"}],"up":[{"embeddable":true,"href":"https:\/\/buy-super.com\/index.php\/wp-json\/wp\/v2\/pages\/2378"}],"wp:attachment":[{"href":"https:\/\/buy-super.com\/index.php\/wp-json\/wp\/v2\/media?parent=2390"}],"curies":[{"name":"wp","href":"https:\/\/api.w.org\/{rel}","templated":true}]}}